st the prime factors of c(-3).
3
Let y(j) = 5*j**2 + 1. Let s be (-2)/((0 - 0) + 2). What are the prime factors of y(s)?
2, 3
Let g = -15 + 41. What are the prime factors of g?
2, 13
Let j be (-1)/((-1)/(2 - -3)). Let f(w) = -w**2 + 6*w + 4. What are the prime factors of f(j)?
3
Let m(y) = y**3 - 2*y**2 - 3*y + 3. Let n be m(3). Let s be ((-140)/21)/((-2)/n). What are the prime factors of (1 - -1)*115/s?
23
Suppose 6*p = 3*p + 3. Suppose -r + p = -4. What are the prime factors of r?
5
Suppose -2*p = p - 528. What are the prime factors of p?
2, 11
Let m(k) = 19*k**2 + 8*k - 22. What are the prime factors of m(4)?
2, 157
Suppose 0 = -4*c + p - 30 + 2, 2*p = c + 14. What are the prime factors of (-3 - -1)/(1/c)?
2, 3
Let x(h) = 3*h**3 - 3*h**2 + h - 2. What are the prime factors of x(2)?
2, 3
Suppose -7*v + 3*v = -5*u, 3*u + v = 17. List the prime factors of (-66)/(-4) + 2/u.
17
Let i(t) = t**3 + 2*t**3 - 3*t**3 - 4 + t**3 - 7*t + 4*t**2. Let x(n) = 2*n**3 + 4*n**2 + 3*n + 1. Let b be x(-2). What are the prime factors of i(b)?
2, 3
Suppose -2*y = q - 235, q = 4*y - 0*q - 473. What are the prime factors of y?
2, 59
Let t = 1000 - 677. What are the prime factors of t?
17, 19
What are the prime factors of 3528/117 + 2/(-13)?
2, 3, 5
Suppose 2*q + 3*t - 22 = 0, 0*t + 3*t - 7 = q. Suppose -2*v - 12 = -q*v. List the prime factors of v.
2
Let l be 42/10 - (-12)/(-60). What are the prime factors of l/34 - 627/(-17)?
37
Let i(d) = -d**3 + 4*d**2 + 6*d + 7. Let l = 6 - 3. Let k be 2/l*(-75)/(-10). List the prime factors of i(k).
2, 3
Let t = 5 - 3. Let z(u) = -u**3 - 4*u + 4 - 5 + 5*u**t + 0*u. List the prime factors of z(3).
5
Suppose 4*x - k - 287 = -4*k, -x - k + 71 = 0. What are the prime factors of x?
2, 37
Let z(b) = -8*b**2 + 4*b - 2. Let a be z(2). Let d = a - -38. List the prime factors of d.
2, 3
Let s(r) = 5*r**2 - 1. Suppose -k + 4*a = 3*k + 20, 11 = 5*k + 4*a. List the prime factors of s(k).
2
Let q(k) = k**3 + 5*k**2 + 5*k + 3. Let x be q(-4). Let n(r) = -5*r + 0*r - 9*r + 0*r. List the prime factors of n(x).
2, 7
Suppose 0 = 20*c - 16*c - 28. Suppose -2*n = 2*w - 34, -2 - 7 = -n - 3*w. Suppose c - n = -2*p. List the prime factors of p.
7
List the prime factors of 0 - 7/((-14)/184).
2, 23
Let t(v) be the third derivative of -v**4/8 - 5*v**3/6 + 6*v**2. Let w = 2 - 6. List the prime factors of t(w).
7
What are the prime factors of (1 + (-14)/(-4))*2?
3
List the prime factors of 16/(-24)*(-117)/2.
3, 13
Let a(g) = 5*g - 9. Let n be a(7). Suppose 0*w - m = 2*w, -5*w = -4*m - n. Suppose -w*h + 5*h = 12. List the prime factors of h.
2
Suppose 3*w + 2 - 12 = -2*n, 5*w - 15 = -3*n. Suppose w*y = -2*y + 32. Suppose 7*j - 3*j = y. List the prime factors of j.
2
Suppose -5*m + 35 = 5*d, -m - d + 15 = 4*d. Suppose m*n = 7 + 3. Suppose 0 = n*r - r - 9. List the prime factors of r.
3
List the prime factors of 0 + -1 + 56 + 0 - 2.
53
Suppose -4*a = -0*a. Let v be (-14)/21*(a + -12). Suppose 4*z = -4*o - v, o = 3*o + 3*z + 8. List the prime factors of o.
2
Let x be 3 - (-2 + 4) - 3. What are the prime factors of x/3 - 168/(-9)?
2, 3
Let u = -10 + 6. Let w = u - -2. List the prime factors of (w - 14/(-6))*9.
3
Suppose 6 = -3*n, -v + 4*n + 2 = -4. List the prime factors of ((-13)/v + -3)*6.
3, 7
Suppose 5*l = -n + 23, -3*n = -7*n + 12. Let k = -5 + l. What are the prime factors of k*(-2 + -1 + -2)?
5
Let h(k) = -4*k**3 + 2*k**2 + 3*k. What are the prime factors of h(-2)?
2, 17
Suppose -4*v + 5 = 3*s, v - 3*s = 2*s + 30. What are the prime factors of v?
5
What are the prime factors of 28*((-45)/(-10) - 4)?
2, 7
List the prime factors of (-28)/21 - 589/(-3).
3, 5, 13
Let j(a) = -a**2 + 6*a + 2. Let y = -3 + 1. Let k = y - -8. What are the prime factors of j(k)?
2
Let o(t) = 3*t**2 - 5*t + 3. What are the prime factors of o(6)?
3
Let w(o) = 4 - 12 - 3*o + 4*o. Let c be w(6). What are the prime factors of 1/(3/c + 2)?
2
Let c = -5 - 7. Let n be 9/c + 1/(-4). Let d(z) = z**2 + 1. What are the prime factors of d(n)?
2
Suppose 3*j = -27 + 207. What are the prime factors of j?
2, 3, 5
Suppose w = -4*q + 6*w + 73, 2*w = 2*q - 34. What are the prime factors of 3*-4*(-16)/q?
2
Let i(c) be the third derivative of c**5/60 + 7*c**4/24 + 2*c**3/3 - c**2. Let w be i(-6). What are the prime factors of 18/w*(-2)/6?
3
Let g be 265/20 + 6/8. Let s(w) = w**2 + w - 2. Let h be s(-3). Let z = g + h. List the prime factors of z.
2, 3
Suppose -v - 9 - 24 = -5*w, 5*w = 2*v + 31. Let j = -11 + w. What are the prime factors of ((-4)/5)/(j/20)?
2
Suppose 3 = 4*l - 21. Suppose l*s - s = 75. List the prime factors of s.
3, 5
Suppose 3*l = 255 + 135. What are the prime factors of l?
2, 5, 13
Let p(a) = a**3 - 6*a**2 - 4*a + 8. What are the prime factors of p(7)?
29
Let o = 10 - 17. Let q = 6 - o. What are the prime factors of q?
13
Let w = 27 + 74. List the prime factors of w.
101
Let g(f) be the third derivative of -f**6/120 + f**4/8 + f**3/6 + 2*f**2. Let a be g(-2). Suppose 0 = v + a*v - 64. What are the prime factors of v?
2
Let m(s) be the first derivative of -1 - 1/2*s**2 - s + 7/3*s**3. List the prime factors of m(-1).
7
Let i be 6/(-4)*(-52)/6. Let j = i + -10. Suppose -y + j*h - 5*h + 13 = 0, -2*y + 2*h = -14. List the prime factors of y.
3
What are the prime factors of (76/(-10))/(9/(-90))?
2, 19
Let p(k) = 2*k - 4. Let j be p(7). Suppose 0 = 3*o - 2 - j. What are the prime factors of o?
2
What are the prime factors of ((-8)/6)/(8/(-480))?
2, 5
Let g = -15 - -10. Let m = 3 + g. List the prime factors of m/(-5) + (-28)/(-5).
2, 3
Let y = 7 + -3. Suppose r = -y*r. Suppose -3*w - 4*s + 4 = r, -4*w + 40 - 14 = -5*s. What are the prime factors of w?
2
Suppose -4*f - 93 + 316 = -5*d, 4*f - d - 243 = 0. List the prime factors of f.
2, 31
Let j be (((-11)/1)/1)/1. Let v = 14 + j. List the prime factors of (6 - (1 + -4)) + v.
2, 3
Suppose 21*h - 19*h - 466 = 0. List the prime factors of h.
233
Let v = -274 - -402. Let d = v - 88. Let b = d - 28. List the prime factors of b.
2, 3
Let o(u) = 3*u**3 - u + 1. Let r be o(1). What are the prime factors of 12 + (r + -2)*-1?
11
Let q(v) = 2*v**2 + 3*v + 6. Let h be q(9). Suppose 0 = 4*f + 4*o - o + 405, h = -2*f - 3*o. List the prime factors of ((-16)/(-10))/((-14)/f).
2, 3
Let r(y) = y**2 - y + 2. Let u be r(2). Suppose 4*v + u = 6*v. What are the prime factors of 0 + 7*(-1 + v)?
7
Let c be (0/(3 + 1))/(-3). Suppose 2*w + c*w - 18 = 0. List the prime factors of w.
3
Let s(c) = -c**2 + 5*c - 1. Let u be (-32)/(-20) + 4/10. Let d be s(u). Suppose 5*g = -d + 15. What are the prime factors of g?
2
Suppose 3*t - 18 = t. Let c(w) = -w**3 + 10*w**2 + 5. Let v be c(10). Suppose 6 = v*m - t. What are the prime factors of m?
3
Suppose 6*d = -0*d + 120. Suppose -d - 20 = -2*h. List the prime factors of h.
2, 5
Let x(a) = -2*a - 1. Let t(m) = 2*m. Suppose 4*f - 16 = 0, 2*f + 5 = -h + 3*f. Let v be t(h). List the prime factors of x(v).
3
Let d be 1*-3 + (-24)/(-4). Let u be (126/d)/((-1)/(-3)). What are the prime factors of u/(-12)*2/(-3)?
7
Let a = -5 - -5. Suppose a = -3*x + 4*v + 16, 4*v = 2*x - 13 - 3. Suppose 0 = 5*o - 2*s - 30, x = 6*o - 2*o + 2*s - 24. List the prime factors of o.
2, 3
Let k(s) = -s**3 + 7*s**2 - s + 1. List the prime factors of k(3).
2, 17
Let a(r) = r**2 - 11*r + 12. Let g be a(10). Suppose -g*w = w - 15. List the prime factors of w.
5
Let t be 74/14 - 10/35. Let b = 0 + t. What are the prime factors of b?
5
Let g = -15 - 16. Suppose 54 = -d + 2*d. Let q = g + d. What are the prime factors of q?
23
Let v(w) = -w**2 - 11*w + 15. Let b be v(-12). Suppose j = -b*j + 88. What are the prime factors of j?
2, 11
Let o = 0 + 2. Suppose 12 = 4*c + 4*n, 5*n = 3*c - o*c - 27. What are the prime factors of c?
7
Let b(z) = z**2 + 4*z + 11. Let n = -9 - -1. List the prime factors of b(n).
43
Let w(y) = -y**2 - 12*y - 5. What are the prime factors of w(-8)?
3
Suppose -f = 3*j + 69, 0 = 5*j + 2*f - 4*f + 126. Let c be 172/(-14) + (-12)/(-42). Let z = c - j. What are the prime factors of z?
2, 3
Suppose 4*u - u + 21 = 0. Let a(i) = -i**3 - 5*i**2 + 6*i - 6. Let s be a(u). Suppose -5*d + 2*d - 5*p = -s, -2*p = -2*d + 12. What are the prime factors of d?
2, 5
What are the prime factors of ((-837)/(-4) - 0) + (-32)/128?
11, 19
Suppose -a - p + 6 = 